and 3354.
258
What is the highest common divisor of 2242 and 24092?
38
What is the highest common divisor of 555 and 669145?
185
Calculate the highest common divisor of 1067 and 10989.
11
Calculate the greatest common factor of 410 and 99466.
82
What is the greatest common divisor of 16 and 1431160?
8
What is the greatest common factor of 16498 and 10512?
146
What is the greatest common divisor of 5590 and 36426?
26
Calculate the highest common divisor of 1131 and 1599.
39
Calculate the highest common factor of 54683 and 8074.
367
Calculate the greatest common factor of 415 and 1626136.
83
Calculate the highest common divisor of 259776 and 369.
369
What is the highest common divisor of 767 and 819?
13
What is the greatest common divisor of 23700 and 460?
20
Calculate the greatest common factor of 40 and 23385.
5
What is the highest common factor of 61560 and 56214?
162
Calculate the highest common divisor of 100147 and 1507.
137
Calculate the greatest common factor of 961 and 107167.
31
What is the highest common divisor of 455411 and 209?
209
What is the greatest common divisor of 242 and 78287?
121
What is the greatest common factor of 3082 and 30016?
134
Calculate the highest common divisor of 23 and 674981.
23
What is the highest common divisor of 83052 and 72?
36
What is the highest common divisor of 204 and 19737?
51
Calculate the greatest common factor of 6 and 121029.
3
Calculate the greatest common divisor of 97 and 180905.
97
Calculate the highest common factor of 278665 and 65.
5
Calculate the highest common factor of 30 and 18240.
30
Calculate the greatest common factor of 225040 and 116.
116
What is the greatest common divisor of 3850 and 785246?
154
What is the greatest common factor of 111971 and 123?
41
What is the greatest common divisor of 12 and 620412?
12
What is the greatest common divisor of 442 and 1008865?
221
Calculate the highest common divisor of 6128 and 21808.
16
Calculate the highest common factor of 78 and 9558.
6
What is the highest common factor of 34 and 34442?
34
What is the highest common factor of 19276 and 30652?
316
Calculate the greatest common factor of 6444 and 684.
36
What is the highest common factor of 89566 and 646?
38
What is the greatest common divisor of 267329 and 6785?
1357
What is the highest common divisor of 6059 and 581?
83
What is the greatest common factor of 485 and 1328512?
97
Calculate the greatest common divisor of 9368 and 24.
8
Calculate the highest common factor of 50532 and 96.
12
What is the greatest common divisor of 56 and 6917736?
56
What is the highest common divisor of 27 and 4376646?
27
Calculate the highest common divisor of 2869 and 20989.
151
Calculate the highest common factor of 1134 and 5166.
126
Calculate the highest common factor of 156 and 31499.
13
What is the greatest common divisor of 330561 and 462?
231
Calculate the greatest common divisor of 160 and 29040.
80
Calculate the greatest common factor of 566 and 10.
2
What is the highest common factor of 872998 and 2455?
491
Calculate the greatest common factor of 2132 and 124189.
533
Calculate the greatest common divisor of 28 and 18312.
28
Calculate the highest common factor of 20385 and 2565.
135
Calculate the greatest common divisor of 54795 and 3120.
195
What is the highest common factor of 51 and 1461507?
51
What is the highest common factor of 75 and 74325?
75
Calculate the greatest common divisor of 10 and 10594.
2
Calculate the greatest common factor of 263670 and 235.
235
What is the highest common factor of 249738 and 15171?
1167
What is the greatest common factor of 9944 and 1695?
113
What is the highest common divisor of 38813 and 103851?
1049
Calculate the greatest common factor of 116 and 20416.
116
Calculate the highest common divisor of 54902 and 194.
194
Calculate the highest common factor of 1152 and 10170.
18
Calculate the greatest common factor of 32 and 28064.
32
Calculate the greatest common divisor of 905690 and 615.
205
What is the greatest common factor of 240359 and 7?
7
Calculate the greatest common divisor of 396 and 580.
4
Calculate the greatest common divisor of 2274 and 271364.
758
What is the highest common divisor of 1764730 and 3945?
1315
Calculate the highest common divisor of 125 and 491750.
125
What is the highest common factor of 62144 and 832?
64
Calculate the greatest common factor of 109 and 181703.
109
Calculate the highest common factor of 660 and 2068.
44
Calculate the highest common divisor of 2013621 and 141.
141
What is the greatest common factor of 80 and 1327520?
80
Calculate the highest common factor of 540 and 1940.
20
What is the greatest common divisor of 99 and 1627791?
33
What is the highest common factor of 69 and 62583?
69
What is the highest common factor of 2196 and 8424?
36
What is the greatest common divisor of 135 and 249105?
15
What is the greatest common divisor of 261 and 5625?
9
Calculate the highest common factor of 75114 and 4066.
214
Calculate the greatest common divisor of 140 and 10696.
28
Calculate the highest common factor of 110 and 9590.
10
What is the greatest common divisor of 305 and 300059?
61
What is the greatest common factor of 8025 and 9465?
15
What is the highest common factor of 1105314 and 42?
42
Calculate the greatest common factor of 263640 and 1092.
156
What is the highest common factor of 208 and 51760?
16
What is the greatest common divisor of 496226 and 94?
94
Calculate the greatest common factor of 2461 and 23.
23
Calculate the highest common factor of 540 and 1035680.
20
What is the greatest common divisor of 1908471 and 1173?
1173
What is the greatest common divisor of 17 and 686919?
17
What is the highest common divisor of 247 and 7999?
19
Calculate the greatest common divisor of 18 and 1724118.
6
Calculate the greatest common divisor of 7316 and 64604.
124
What is the greatest common divisor of 408 and 522342?
102
Calculate the highest common divisor of 253776 and 336.
48
What is the greatest common divisor of 2193 and 8007?
51
What is the highest common factor of 176660 and 121?
121
What is the highest common divisor of 176 and 17182?
22
What is the greatest common factor of 217 and 73?
1
What is the highest common factor of 35 and 217735?
35
Calculate the highest common factor of 1782 and 17006.
22
Calculate the greatest common divisor of 3304 and 504.
56
Calculate the greatest common divisor of 166 and 5450942.
166
Calculate the highest common factor of 975 and 1200.
75
Calculate the highest common factor of 9292 and 1748.
92
Calculate the greatest common factor of 8764239 and 159.
159
What is the highest common divisor of 294 and 35378?
98
Calculate the greatest common divisor of 160119 and 9.
9
What is the greatest common divisor of 3072 and 72?
24
Calculate the highest common divisor of 1532410 and 60.
10
What is the greatest common factor of 927 and 184782?
309
What is the highest common divisor of 387 and 3438?
9
What is the greatest common divisor of 21351 and 1320?
33
Calculate the highest common divisor of 4482 and 1467.
9
Calculate the greatest common divisor of 418 and 16473.
19
What is the greatest common factor of 74 and 771746?
74
Calculate the greatest common divisor of 143 and 61809.
11
Calculate the greatest common divisor of 2561 and 28522.
13
Calculate the highest common divisor of 1831263 and 62.
31
What is the highest common factor of 90 and 299070?
90
What is the highest common divisor of 22 and 5555?
11
Calculate the highest common factor of 6060 and 426.
6
What is the highest common divisor of 336 and 6744?
24
Calculate the greatest common divisor of 24 and 18504.
24
What is the greatest common factor of 459016 and 8242?
634
What is the greatest common divisor of 770 and 10290?
70
Calculate the highest common factor of 198062 and 593.
593
Calculate the highest common factor of 387 and 1247.
43
What is the greatest common factor of 18411 and 68?
17
What is the greatest common divisor of 1064 and 33782?
266
Calculate the greatest common divisor of 3073 and 5707.
439
Calculate the highest common divisor of 793 and 8697.
13
What is the greatest common divisor of 28288 and 640?
128
What is the highest common divisor of 529 and 621?
23
Calculate the greatest common divisor of 46 and 337318.
46